= -5*v + 5*a, 4*a + 25 = -v. Let m be (v + 11)*(0 - -3268). Suppose -m = -5*t + 3729. Is t prime?
True
Let j(n) = 3*n**3 + 165*n**2 - 68*n - 215. Is j(-47) composite?
False
Suppose -16*z - 295 = -21*z. Suppose 3*n = -n + 224. Suppose z*i - n*i = 285. Is i a prime number?
False
Let o(y) = 11*y**2 + y + 1. Let z(g) = -g**2 + 5*g + 2. Let i be z(4). Let f be o(i). Let t = f + -284. Is t composite?
True
Let x(l) = 293609*l - 11501. Is x(6) composite?
False
Suppose i + 5*q = -13, -2*i + 10 = -5*q - 9. Is (4/i)/((-32)/(-33008)) a prime number?
True
Suppose -6*k = -28 - 8. Is (-838)/k*(4 + (-2 - 5)) prime?
True
Suppose c + 2142 - 5496 = 0. Let l be (-16)/28 + c/14. Suppose -2*u = -375 - l. Is u prime?
True
Is (9/(-45))/(12/(-6760140)) composite?
True
Suppose t = 3*u - 12745, -7*u + u - 4*t = -25466. Is u composite?
True
Suppose 4*k = 4*p + 268309 + 436751, 0 = -2*p + 12. Is k a composite number?
True
Let t = 97 + -79. Suppose 3*n - 12 = 0, -19*f + 3011 = -t*f + 4*n. Is f prime?
False
Let f = -6 - -11. Suppose -4*o + 112 - 27 = -v, o - 16 = -f*v. Let l(c) = -c**3 + 23*c**2 + 24*c - 1. Is l(o) a composite number?
True
Suppose 2*q = 5*y + 2019, 4*q - 6*y - 4030 = -4*y. Let i = 2225 - q. Suppose -4*m + i = -1858. Is m prime?
True
Suppose g - 100855 = 4*w + 239696, -2*g + 681126 = -2*w. Is g a composite number?
True
Let s(t) = 41*t**2 + 4*t - 8. Let d be s(10). Suppose 0 = v - 5*n - 3586, -11260 = -2*v - n - d. Is v a prime number?
False
Suppose 106*x = 7793879 + 2780787. Is x prime?
True
Suppose 21528 = 6*a - 114558. Is a a composite number?
True
Is 1/(9/(-2)) + (10 - 130333543/(-153)) composite?
False
Let d be ((-768)/160)/((16/(-570))/4). Let x = d + -182. Is x prime?
False
Let x(b) = b**3 - b**2 + 3*b - 22. Let t be x(0). Is (-1 + 0)*(t + -9591) a composite number?
False
Suppose -28*j = -45*j - 210*j + 111038639. Is j composite?
False
Is 7 - 13 - -10 - -193333 a composite number?
False
Let o be (12/(-4) + 2)*(-79 - 0). Let h = 83 - o. Suppose 0 = -11*s + h*s + 9233. Is s a prime number?
True
Let t(n) = 4*n + 33. Let p be t(-7). Is p/(-2)*-319 + (-11)/22 a composite number?
False
Suppose -6*d + 4*y = -d - 220, 5*d = 3*y + 220. Let m = d + -41. Suppose 4*z - 1939 = -f - 2*f, z - 496 = -m*f. Is z composite?
True
Suppose -284891 = -6*t + 29318 - 11635. Is t composite?
True
Let g(z) = 837*z**2 - 2*z + 634. Is g(17) a prime number?
False
Suppose -4*p + 7*b + 219560 = 4*b, 0 = 5*b + 20. Is p prime?
False
Let a(x) = 3*x - 43. Let f be a(16). Suppose f*b - 3*b = -12. Is -1 - b - (-4 + -1390) composite?
False
Suppose d + 125 = 3*u, -3*u + 39 = 5*d - 56. Suppose -38*b + 127744 = -54*b. Is (b/u)/(4/(-10)) a prime number?
True
Suppose -85*w - 140 = -90*w. Let o be (-66996)/(-21) + (-8)/w. Is o/4 - 2/4 composite?
False
Suppose 0 = -5*k - 46 - 59. Let q be 24/(-10)*(-2030)/87. Is 32/q - 19497/k a prime number?
True
Let g be -2*(-34315)/(-10)*-1. Suppose 0 = -4*t, 0*q + t = q - g. Is q composite?
False
Suppose 0 = 9*h - 166840 - 90956. Suppose 0 = -23*d - h + 98035. Is d a prime number?
False
Let d = 109530 + -24673. Is d a prime number?
True
Let p = 48241 - 17120. Is p a prime number?
True
Let t be 7*3*((-10180)/30 + 12). Let p = 25367 + t. Is p composite?
False
Suppose 3*g - 2*j + 27 = j, -4*g - j - 61 = 0. Let s(k) = -85*k - 46. Let t be s(g). Let m = 2123 - t. Is m composite?
True
Let o(a) = 3*a - a**3 - 6*a**3 - 4*a. Let g be o(-1). Suppose g*h - 70679 = 31281. Is h a composite number?
True
Let z(h) = -49*h**3 + 115*h - 104*h - 49 + h**2 + 41. Is z(-7) a prime number?
False
Let b = 31 + -31. Suppose 3*p + 6 = b, 5*y - 10 = 5*p - 0. Suppose -6*x + 2992 - 178 = y. Is x a prime number?
False
Let w = 85664 - 4721. Is w a composite number?
True
Let n(p) = 64817*p**2 - 3*p - 1. Is n(-1) a composite number?
True
Let l = -170133 + 418129. Suppose -43*j + 71*j = l. Is j prime?
False
Let n(u) = 159*u**2 + 6*u + 3*u - 6 - 2*u - 3*u. Is n(5) a prime number?
True
Suppose 43*p = 3184345 + 2492472. Is p a composite number?
False
Let s = 1212 + 312. Suppose -3*p = -p + s. Let c = p - -1963. Is c a composite number?
False
Let x be -1*(-5)/(5/1). Let o be ((-5 - -5)/(-2))/x. Suppose o = -10*j - 6*j + 31568. Is j composite?
False
Suppose 5*r - 1729 + 429 = 0. Suppose -4*k - r = -17*k. Suppose g = b + 116, 5*b = 9*b - k. Is g a prime number?
False
Let t be (-276)/30*(1 + -6). Suppose c + t = 667. Suppose 8*w - 4*w - c = -3*b, -2*w = -b + 217. Is b a composite number?
False
Let w(n) = 7*n + 1 + 125*n**2 + 114*n**2 - 240*n**2. Let c(i) = -i**2 - 7*i - 4. Let u be c(-5). Is w(u) composite?
False
Let g = 201602 + -62575. Is g composite?
True
Suppose 0 = -2*i - 455 + 43. Let y = 3087 - i. Is y a composite number?
True
Suppose -51*f = -25*f + 21008. Let u = f - -974. Is u a prime number?
False
Is 9967 - (1 - -17)/3 a composite number?
True
Suppose -10*r - 11*r + 105 = 0. Suppose 0*v + 3*v + 338 = 5*z, -330 = -5*z - r*v. Is z a prime number?
True
Let f = -138932 - -202357. Suppose -3*c + f = 2*k, -3*c + 6*c + k - 63421 = 0. Is c a prime number?
True
Is (-9166)/(1/((12415/10)/(-13))) prime?
False
Let u = -21213 + 30449. Suppose 6*t = 2*t + u. Is t a prime number?
True
Let t = -54 + 245. Suppose o - t = 930. Suppose -3*g = b - o, 5*g - 6 = 4. Is b prime?
False
Suppose 11*g - 3700230 = 4*b, -3*g + 5*b = -6*g + 1009178. Is g composite?
True
Let f be 3 - (6/(-9))/((-6)/(-9)). Suppose 2*j + 74 = f*j. Suppose 35*r = j*r - 3802. Is r composite?
False
Suppose -5 = x, 5*g = 19*x - 14*x + 5. Is 0 + 4025 + -2*1 + g composite?
False
Let q = -525 + 517. Is -5*2/(-3)*(-30948)/q prime?
False
Suppose -294 = -b + 1273. Suppose q + 7 - 30 = 5*c, q - 20 = 4*c. Suppose -7*t = -q*t + b. Is t composite?
False
Let b(u) = 31*u - 24. Let y be b(3). Is -1*5*1 - (y + -13517) a prime number?
False
Suppose -u - 3*h = 3*u - 26, 3*u + 5*h - 14 = 0. Let l(v) = 288*v**2 - 10*v - 19. Let s be l(u). Suppose s = 10*f - 1157. Is f composite?
False
Let n(s) = 1975*s - 281. Is n(4) prime?
False
Let i(b) = 3*b + 10. Let m be i(-6). Let q(u) = -7*u**3 - 8*u**2 + u - 2. Let w be q(m). Suppose l - w = -l. Is l a composite number?
False
Let b be ((-9)/(-27))/(2/678). Suppose 3*g + 5*m = 345, g - m - b = -2*m. Suppose -g = -4*r + 30. Is r prime?
False
Let q be (84/(-14))/(2/(-4) - 1). Let u(y) = q*y + 2 + 115*y - 8*y. Is u(4) a composite number?
True
Let l(d) = -3*d**3 + 10*d**2 - 3*d - 5. Let s(n) = -n + 51. Let x be s(17). Let a = 29 - x. Is l(a) a prime number?
False
Let m be (-4 + (-2)/(-1))/(26/(-1651)). Suppose m = -4*y + 347. Is 44/y - (-3891)/5 composite?
True
Let l be 3/(-1) - (1 + 2*25). Let c = -54 - l. Let p(x) = -x + 191. Is p(c) a composite number?
False
Let m be 11854/(-10)*(-205)/41. Suppose 13*g = 35192 + m. Is g a composite number?
False
Is (-46)/((-138260)/(-11522) - 12) - 12 a prime number?
True
Let f be -2 + 9 - (9 + -5). Suppose f*g - 3*h - 54104 = 49279, 2*h = -4*g + 137832. Is g a composite number?
True
Let p(t) = 19*t + 50. Let r(m) = 22*m**3 - 5*m**2 + m + 1. Let i be r(1). Is p(i) prime?
False
Let h = -97 + 481. Let b be h/(46/14 - 3). Suppose u - b = -367. Is u prime?
True
Let t(m) = -7*m + 11. Let k(c) = 6*c - 11. Let z(j) = 5*k(j) + 6*t(j). Let i be z(-6). Let q = -14 + i. Is q a composite number?
True
Suppose 0 = -3*g + 22 - 199. Let f = -62 - g. Is 1 + (-1)/(f/2100) a prime number?
True
Let r = 113 - 108. Suppose r*o + 3*u = 10756, -1147 = 2*o - 4*u - 5465. Is o composite?
False
Suppose 3*m = -q + 2508, 9*q - 4*q = -5*m + 12550. Suppose -23*r + 12*r = -8052. Let u = q - r. Is u composite?
True
Suppose 718*s - 726*s + 455864 = 0. Is s a prime number?
True
Let y = 109818 + -75101. Is y prime?
False
Is (-41443 + 0)*148/(-148) prime?
True
Let p(i) = -i**2 + 3*i + 5. Let g be p(4). Suppose -2*w = -295*b + 300*b - 11673, -2*b + 4650 = 4*w. Is (-1 + 2 + g)*b/6 a prime number?
False
Suppose -9598 = 15*l - 37558. Suppose -y + 0*y - 3136 = -5*o, -3*o + l = -5*y. Let s = 1466 - o. Is s a composite number?
True
Suppose 1206583 = 27*q + 328084. Is q a composite number?
False
Let d = 44 + -41. Suppose 0 = -d*s - 4*c + 17187, 4*c - 164 = s - 5893. Is s composite?
True
Let u(j) = 16*j + 6*j - 30 + 5*j + 6*j**2 + 8. Is u(15) a prime number?
True
Let s(k) be the third derivative of -59*k**4/12 - 67*k**3/6 - 2*k**2 